24*l**4 - 1/360*l**6 - 2*l**3 + 0*l**2 - 1/120*l**5 + 0*l. Let q(h) be the third derivative of d(h). Determine q(-3).
-5
Let b(f) = f**3 - 14*f**2 + 13*f + 3. Let h = -365 - -378. Give b(h).
3
Suppose -4*k + 3*w + 8 = 0, -2*w = 9 - 1. Let y be ((-3)/2)/(k/22). Let h(x) = y + 3*x - 35 - 5*x. Determine h(2).
-6
Let x(s) be the third derivative of s**6/120 + s**5/15 - 3*s**4/8 - s**3/6 - 397*s**2 + s. Give x(-6).
-19
Let r(s) be the first derivative of s**4/4 - 14*s**3/3 + 11*s**2/2 + 21*s + 608. What is r(13)?
-5
Let z(l) = 3*l + 11. Let a be z(-8). Let k(j) = 2*j + 15. Determine k(a).
-11
Let v(z) = 5*z - 4. Let l = 149 + -146. Calculate v(l).
11
Let n(d) = -d**2 + 12*d - 2. Let a(m) = m**2 + 69*m + 272. Let g be a(-4). Determine n(g).
-2
Let w(g) be the first derivative of 13*g**2/2 - 185. Suppose 3*y + 0*y + 16 = -c, y = 2*c - 3. Determine w(c).
-13
Let x(b) be the second derivative of -b**4/6 + 3*b**3/2 - 7*b**2 + 276*b. Calculate x(5).
-19
Let n(h) = -2*h**3 - 2*h - 1. Suppose -18*c + 13*c = 45. Let o be 6 - (-4)/12*c. Let m be o/9 + 8/(-6). Calculate n(m).
3
Let g be (-9 - -22)*(-2 - -1). Let y(h) = h**2 + 14*h + 27. Determine y(g).
14
Let f(v) = 2*v - 11. Let d(k) = -1. Suppose 2*z = -0*z - 2. Let g(m) = z*f(m) + 6*d(m). Let u(l) = -2*l**3 + 12*l**2 + 14*l + 5. Let x be u(7). What is g(x)?
-5
Let i be 26/39 - 32/(-6). Let o be 1/2*(4 + 2). Let u(c) = c - 5 - o*c**2 + 7*c + 2*c**2 + 0*c. Calculate u(i).
7
Suppose 40 = 3*v - w, v - 12 = 4*w + 5. Let p = -15 + 16. Let r(y) = -p - v*y + y + 7*y. Determine r(-1).
4
Let j(d) = -d - 1. Suppose h - 12 = 5*q - 5, 5*h + 7 = 4*q. Determine j(h).
2
Suppose 4 = -3*q - 2. Let g(n) = -2*n**2 + 7*n + 4. Let v(z) = -2*z**2 + 8*z + 5. Suppose 14*s = 25*s - 55. Let m(c) = s*v(c) - 6*g(c). Calculate m(q).
13
Let r = -97 + 107. Let i(a) = a**3 - 9*a**2 - 10*a + 4. Calculate i(r).
4
Suppose 29 = -3*m - 4*w, 3*w - 10 = -4*m - 37. Let c(b) = -2*b**2 - 3*b + 3. Calculate c(m).
-6
Suppose 3*c - 10 = k, 4*c - 7 - 7 = 2*k. Let r(z) be the third derivative of 5/24*z**4 + z**c + 0 + 0*z + 5*z**2 + 1/60*z**5. Determine r(-4).
2
Let w(k) = -k**3 - 2*k**2 - 2*k - 1. Suppose 2*q - 6 = 20. Suppose 2*n - i - 8 = q, -5*n - 2*i = -30. Suppose 0 = -g + 6 - n. Calculate w(g).
3
Let z = -22 + 21. Let v be 57*z/(-21) - (-2)/7. Let c(a) be the third derivative of a**4/24 - a**3/2 + 2*a**2. What is c(v)?
0
Let g(j) = -3*j**3 - 26*j**2 - 14*j - 30. Let a(z) = -z**3 - 9*z**2 - 5*z - 11. Let k(v) = -11*a(v) + 4*g(v). What is k(-2)?
-9
Suppose -p + 3*j = -14, -3*p - j + 34 = -2*j. Suppose 3*c - p = 16. Let z(m) = -m + 14. Let k be z(c). Let v(f) = f**2 - 4*f - 4. What is v(k)?
1
Suppose -5*a = 9 - 54. Suppose 5 - a = -2*i. Let r(k) = -i - 5*k - k + 1 + 8*k. Give r(-5).
-11
Let v(o) = 23*o**3 + o**2 - 7. Let t(h) = 68*h**3 + 3*h**2 - 20. Let g(p) = 6*t(p) - 17*v(p). Determine g(-1).
-17
Let w = -259/2 + 133. Let y(q) be the first derivative of -w*q**2 + q + 1. What is y(1)?
-6
Suppose -g - 5 = 4*z, 5*g + 3*z + 8 = -0. Let o be g + 3/((-12)/8). Let r(q) = q + 2. What is r(o)?
-1
Let p(d) be the second derivative of -5*d**3/6 - 2*d. Let h(t) = -2*t**2 - 8*t + 11. Let z be h(-5). Calculate p(z).
-5
Let z(n) be the third derivative of n**8/1120 + n**6/720 + n**5/120 + 7*n**4/24 - 15*n**2. Let o(r) be the second derivative of z(r). Determine o(-1).
-6
Suppose 29 = -7*h - 6. Let v(w) = -w**3 - 6*w**2 - 6*w + 5. What is v(h)?
10
Let y(b) = 5 - 1 + 15 + 4*b - 3*b. Let o be y(-21). Let v(k) be the second derivative of k**5/20 + k**4/4 + k**3/2 + 3*k**2/2 - k. What is v(o)?
1
Let o(a) = 2*a + 6. Let t(m) = m**2 + 2*m + 8. Let k(f) = 3*o(f) - 2*t(f). Calculate k(2).
-2
Suppose 3*v - 16 = k + 7*v, 0 = 2*k + 4*v + 16. Let l be 4 + k + -3 + -2. Let o(q) = 11*q**2 - q. Calculate o(l).
12
Let q(v) = v**2 - 2*v - 4. Let r(j) be the second derivative of j**3/6 - 13*j**2/2 + 7*j. Let m be r(10). Let w(u) = -3*u - 6. Let t be w(m). What is q(t)?
-1
Suppose -83*l + 99*l - 272 = 0. Let t(v) = v - 11. Calculate t(l).
6
Let p(k) = -6*k - 6. Let u = -48 + 44. Let y(s) = -6*s - 28. Let r be y(u). Give p(r).
18
Let p = -96 + 91. Let s(c) be the second derivative of c**3/3 + 3*c**2 - 4*c. Calculate s(p).
-4
Let g = 18 + -15. Suppose -g*p - 8 - 1 = 0. Let q(v) = -2*v**2 - 4*v - 1. Determine q(p).
-7
Let y(v) = 3*v**2 + v**3 - v**2 + 2*v + 4 - 5*v**2 - 4*v. Let x = 933 - 930. Determine y(x).
-2
Suppose 4*j + 4 = 12. Let y(m) = -3*m**2 + j*m**2 - 2 - 8*m + 0 + 3*m. Calculate y(-3).
4
Let f(b) = 1. Let o(c) = c - 3. Let y(u) = 5*f(u) + 2*o(u). Calculate y(-3).
-7
Let z(m) = -m**3 - 6*m**2 - 1860*m - 1864*m - 15 + 3719*m. Give z(-6).
15
Let v(i) = -13*i**2 - 10*i - 17. Let k(m) = -9*m**2 - 7*m - 12. Let y(w) = -7*k(w) + 5*v(w). Suppose 3*q - 9 = 3*a, -a = -4*q - q + 3. Determine y(a).
-16
Let p(h) = h**3 + 15*h**2 + 14*h - 2. Let a be 8/(-2) + (7 - (3 - 0)). Suppose 2*s + 4*u + 24 = a, 3*u - 60 = 4*s - u. What is p(s)?
-2
Let z(q) = -q**3 - 7 + 8*q + 85*q**2 - 18*q - 92*q**2. Determine z(-5).
-7
Let r(g) be the first derivative of -7/2*g**2 - 1/12*g**4 - g - 3 + g**3. Let l(o) be the first derivative of r(o). Determine l(6).
-7
Let w be (0 - -2)*(-5)/2. Let x(i) = 2*i**2 + 0*i**2 - 6*i**2 + 12*i**2 - 7*i**2 + 3*i - 7. Give x(w).
3
Let r(c) = 8*c**3 - c**2 + c - 1. Let p(j) = -2*j**2 + 21*j + 37. Let b be p(12). Determine r(b).
7
Let v(d) = -4*d - 3. Suppose 16 - 2 = -2*o. Let n be v(o). Let m(c) = 20*c - 3 - 2 + 1 - n*c. Determine m(-3).
11
Let z(q) = 2*q**2 - 3*q. Suppose -3*n - 84 = -3*w + 12, -5*w - 64 = 2*n. Let t be (-2 - -10) + -15 + -27. Let l = n - t. Give z(l).
2
Let f(t) = -t**2 + 5*t. Let n = 80 + -78. Suppose -4*r + 6 = -n*r. Calculate f(r).
6
Let m = 170 - 177. Let j(w) = w**2 + 6*w - 10. Calculate j(m).
-3
Let c(m) = 2*m**2 - 22*m - 367. Let y be c(20). Let b(d) be the first derivative of -d**2/2 - 9*d - 2. What is b(y)?
-2
Let p(s) = -5 + 2 - 4*s**2 + 4*s**3 + 2*s - 3*s**3. Let w = 31 - 25. Let i be ((-6)/7)/(w*1/(-28)). Give p(i).
5
Let z(v) be the second derivative of -v**5/5 + v**4/12 - v**2/2 - 2*v - 29. Give z(1).
-4
Let x(m) = 3*m**2 + 4*m + 4. Let z be x(-1). Let g(v) = v - 3. Let t(o) = 1. Let b(j) = 4*g(j) + 12*t(j). What is b(z)?
12
Let w = -21 + 26. Suppose 3*c - w*c + 12 = 0. Let z(o) = -o**2 + c + 5*o**2 - 7. What is z(1)?
3
Let h(i) = -i + 5. Let g(u) = 96*u - 566. Let d be g(6). Determine h(d).
-5
Let x(q) be the third derivative of q**5/120 - q**4/4 + 25*q**3/6 - 18*q**2. Let c(t) be the first derivative of x(t). Calculate c(5).
-1
Let u(p) = 14*p - 223. Let h be u(16). Let n(s) = s + 2. What is n(h)?
3
Let c = 0 + 1. Let m(s) = s - c + 0*s + 5. Suppose -4120 = 3*d - 4129. Determine m(d).
7
Let y be (-6)/(-2) - 84/(-4). Suppose 0*j - y = -j. Suppose 4*p - 4 = -j. Let d(o) = -o**2 - 5*o + 7. Determine d(p).
7
Let i(g) be the first derivative of -g**2/2 + 6*g - 28. Determine i(15).
-9
Let b(u) = u**3 - 2*u**2 - 3*u - 4. Let o(d) = d**2 - 2*d - 2. Let h be o(-2). Let f be (9/h)/((-3)/(-10)). Suppose 5 + 10 = f*g. Calculate b(g).
-4
Let o(h) be the first derivative of 1/2*h**4 + h**3 - 48 + h**2 + 0*h. Suppose -3 = q - 1. Give o(q).
-8
Let s(c) = 1. Let u(r) = r - 5. Let i(p) = 9*s(p) + 2*u(p). Let t = -23 + 22. Give i(t).
-3
Let c(v) = -v**3 - 5*v**2 - 4*v + 4. Suppose -22 = -4*y + 2. Let x = y + 6. Suppose 0 = 4*f - f + x. Determine c(f).
4
Let l(o) = 27*o + 1. Suppose 37*x + 72*x - 109 = 0. What is l(x)?
28
Let d(g) = -g**3 - 4*g**2 + 5*g + 6. Let t(y) = -2*y - 11. Let s(i) = -i**3 - 8*i**2 + 11*i + 7. Let m be s(-9). Let r be t(m). Suppose r - 3 = -2*o. Give d(o).
-14
Suppose 0 = -20*j + 24*j + 24. Let i(p) = p**2 - 6*p - 7. Let t be i(7). Let a(v) = 2 - 2*v + 3*v + t*v. Determine a(j).
-4
Suppose -7*d + 4*d = 3. Let l(h) be the first derivative of 7 + 0*h + 2/3*h**3 + 1/2*h**2 + 7/4*h**4. What is l(d)?
-6
Let q(t) be the third derivative of -t**5/60 + 5*t**4/24 + 5*t**3/6 - 2*t**2 - 71. Calculate q(6).
-1
Let x = 39 + -37. Let z be ((-1 - 2) + 3)/x. Let i(w) = w + 3. Determine i(z).
3
Let d(v) be the third derivative of v**6/120 - v**5/15 - v**4/8 + 2*v**3/3 + 140*v**2. What is d(2)?
-10
Let l(a) = -a - 8. Let n(x) = -3*x + 10. Let p be n(4). Let f be 19/3 - p/(-6). Suppose -2*t - 6 = f. What is l(t)?
-2
Let h(y) = 7*y + y**3 + 3*y*